Last updated on 2025-07-17 06:49:52 CEST.
Flavor | Version | Tinstall | Tcheck | Ttotal | Status | Flags |
---|---|---|---|---|---|---|
r-devel-linux-x86_64-debian-clang | 0.2-3 | 4.99 | 56.67 | 61.66 | NOTE | |
r-devel-linux-x86_64-debian-gcc | 0.2-3 | 4.39 | 43.70 | 48.09 | NOTE | |
r-devel-linux-x86_64-fedora-clang | 0.2-3 | 94.97 | NOTE | |||
r-devel-linux-x86_64-fedora-gcc | 0.2-3 | 90.87 | NOTE | |||
r-devel-windows-x86_64 | 0.2-3 | 7.00 | 70.00 | 77.00 | NOTE | |
r-patched-linux-x86_64 | 0.2-3 | 6.50 | 54.74 | 61.24 | NOTE | |
r-release-linux-x86_64 | 0.2-3 | 5.32 | 54.03 | 59.35 | NOTE | |
r-release-macos-arm64 | 0.2-3 | 35.00 | NOTE | |||
r-release-macos-x86_64 | 0.2-3 | 64.00 | NOTE | |||
r-release-windows-x86_64 | 0.2-3 | 9.00 | 69.00 | 78.00 | NOTE | |
r-oldrel-macos-arm64 | 0.2-3 | 32.00 | NOTE | |||
r-oldrel-macos-x86_64 | 0.2-3 | 46.00 | NOTE | |||
r-oldrel-windows-x86_64 | 0.2-3 | 9.00 | 79.00 | 88.00 | NOTE |
Version: 0.2-3
Check: Rd files
Result: NOTE
checkRd: (-1) xwfGridsearch.Rd:27: Lost braces; missing escapes or markup?
27 | \item{iter}{Number of levels in the adaptive grid search. The resolution in b obtained is 2^{-1-iter}.}
| ^
Flavors: r-devel-linux-x86_64-debian-clang, r-devel-linux-x86_64-debian-gcc, r-devel-linux-x86_64-fedora-clang, r-devel-linux-x86_64-fedora-gcc, r-devel-windows-x86_64, r-patched-linux-x86_64, r-release-linux-x86_64, r-release-macos-arm64, r-release-macos-x86_64, r-release-windows-x86_64, r-oldrel-macos-arm64, r-oldrel-macos-x86_64, r-oldrel-windows-x86_64