Last updated on 2025-07-17 06:49:36 CEST.
Flavor | Version | Tinstall | Tcheck | Ttotal | Status | Flags |
---|---|---|---|---|---|---|
r-devel-linux-x86_64-debian-clang | 1.2 | 3.80 | 33.99 | 37.79 | NOTE | |
r-devel-linux-x86_64-debian-gcc | 1.2 | 2.55 | 26.42 | 28.97 | NOTE | |
r-devel-linux-x86_64-fedora-clang | 1.2 | 57.29 | OK | |||
r-devel-linux-x86_64-fedora-gcc | 1.2 | 53.52 | OK | |||
r-devel-windows-x86_64 | 1.2 | 5.00 | 53.00 | 58.00 | OK | |
r-patched-linux-x86_64 | 1.2 | 3.74 | 32.75 | 36.49 | OK | |
r-release-linux-x86_64 | 1.2 | 3.46 | 32.39 | 35.85 | OK | |
r-release-macos-arm64 | 1.2 | 23.00 | OK | |||
r-release-macos-x86_64 | 1.2 | 31.00 | OK | |||
r-release-windows-x86_64 | 1.2 | 6.00 | 55.00 | 61.00 | OK | |
r-oldrel-macos-arm64 | 1.2 | 19.00 | OK | |||
r-oldrel-macos-x86_64 | 1.2 | 37.00 | OK | |||
r-oldrel-windows-x86_64 | 1.2 | 6.00 | 61.00 | 67.00 | OK |
Version: 1.2
Check: CRAN incoming feasibility
Result: NOTE
Maintainer: ‘Mikhail V. Matz <matz@utexas.edu>’
No Authors@R field in DESCRIPTION.
Please add one, modifying
Authors@R: person(given = c("Mikhail", "V."),
family = "Matz",
role = c("aut", "cre"),
email = "matz@utexas.edu")
as necessary.
Flavors: r-devel-linux-x86_64-debian-clang, r-devel-linux-x86_64-debian-gcc