Last updated on 2025-07-17 11:50:35 CEST.
Flavor | Version | Tinstall | Tcheck | Ttotal | Status | Flags |
---|---|---|---|---|---|---|
r-devel-linux-x86_64-debian-clang | 1.3.2 | 2.92 | 136.33 | 139.25 | NOTE | |
r-devel-linux-x86_64-debian-gcc | 1.3.2 | 2.08 | 89.91 | 91.99 | NOTE | |
r-devel-linux-x86_64-fedora-clang | 1.3.2 | 230.47 | OK | |||
r-devel-linux-x86_64-fedora-gcc | 1.3.2 | 225.93 | OK | |||
r-devel-windows-x86_64 | 1.3.2 | 5.00 | 226.00 | 231.00 | OK | |
r-patched-linux-x86_64 | 1.3.2 | 2.71 | 131.97 | 134.68 | OK | |
r-release-linux-x86_64 | 1.3.2 | 2.67 | 132.55 | 135.22 | OK | |
r-release-macos-arm64 | 1.3.2 | 66.00 | OK | |||
r-release-macos-x86_64 | 1.3.2 | 124.00 | OK | |||
r-release-windows-x86_64 | 1.3.2 | 4.00 | 228.00 | 232.00 | OK | |
r-oldrel-macos-arm64 | 1.3.2 | 64.00 | OK | |||
r-oldrel-macos-x86_64 | 1.3.2 | 101.00 | OK | |||
r-oldrel-windows-x86_64 | 1.3.2 | 6.00 | 255.00 | 261.00 | OK |
Version: 1.3.2
Check: CRAN incoming feasibility
Result: NOTE
Maintainer: ‘Sergio Venturini <sergio.venturini@unibocconi.it>’
No Authors@R field in DESCRIPTION.
Please add one, modifying
Authors@R: person(given = "Sergio",
family = "Venturini",
role = c("aut", "cre"),
email = "sergio.venturini@unibocconi.it")
as necessary.
Flavors: r-devel-linux-x86_64-debian-clang, r-devel-linux-x86_64-debian-gcc